 by m?
0
Let d(w) = -5*w**2 - 90*w + 28. Calculate the remainder when 447 is divided by d(-17).
108
Let u = -641 - -706. Let y(d) = -d**3 - 8*d**2 - 2*d - 2. What is the remainder when u is divided by y(-8)?
9
Let j(w) = w**3 + 17*w**2 - 33*w - 726. What is the remainder when 260 is divided by j(-16)?
28
Let i = -6409 - -6937. What is the remainder when i is divided by 67?
59
Suppose -32*d = -75*d + 8729. What is the remainder when d is divided by 70?
63
Let d = -113 - -115. Let l(k) = 45*k**3 + 5*k**2 - k + 1. Calculate the remainder when l(d) is divided by 77.
71
Let f = -159 - -171. Suppose 2*o = 162 - f. Calculate the remainder when o is divided by 17.
7
Suppose 0 = 29*b - 72*b + 5203. Calculate the remainder when 444 is divided by b.
81
Suppose -469*x = -35267 + 3375. What is the remainder when 1100 is divided by x?
12
Suppose 0 = -i - 9 + 3. Let m be i/(-3) - 0/(-3 - 1). Let r(u) = 5*u**3 - 2*u**2 + u - 2. What is the remainder when r(m) is divided by 11?
10
Suppose -1942 = -5*t - 4*y, 0 = -31*t + 30*t + 3*y + 396. Suppose 93 = -3*g - 3*z + t, -4*g + 406 = -z. Calculate the remainder when g is divided by 13.
10
Let m be (-1 - -5) + (-2 - 0). Suppose -23 - 7 = -4*x - m*p, 29 = 4*x + p. Calculate the remainder when 24 is divided by x.
3
Let m = 5884 - 5878. Calculate the remainder when 521 is divided by m.
5
What is the remainder when (4 + (-330)/(-25))/((-12)/(-510)) is divided by 7?
3
Let f(u) = -34*u**2 + 99*u + 37. What is the remainder when 696 is divided by f(3)?
24
Calculate the remainder when (129 - 110)*(7 + 0) is divided by 75.
58
Suppose 0 = -5*a + 4*g + 12, -2 = -2*a + 4*g - 2*g. Calculate the remainder when 295 is divided by a.
7
Let y(o) = 17*o**2 - 37*o + 152. What is the remainder when y(5) is divided by 18?
14
Suppose 4757 + 699 = 5*z + 11*z. Calculate the remainder when z is divided by 156.
29
Suppose 0 = -5*p + 3*l + 24616, 9810 = 2*p + 21*l - 17*l. What is the remainder when p is divided by 10?
9
Suppose 0 = -25*x + 32654 - 8804. What is the remainder when x is divided by 285?
99
Calculate the remainder when (-16)/12*909/12*-3 is divided by 5.
3
Let x = -50 + 52. What is the remainder when (-3)/((-15)/625) - (-2 + x) is divided by 10?
5
Suppose y = -4*y + 1420. Suppose 373676 = 4202*p - 96402 + 66686. What is the remainder when y is divided by p?
92
Let h = -2276 + 2330. What is the remainder when h is divided by 25/(-1)*(-12)/15?
14
Suppose -179*n = -2969 - 3475. Calculate the remainder when 54 is divided by n.
18
Suppose -2*n + 5*j + 188 - 171 = 0, -2*n + 16 = -4*j. Calculate the remainder when 2236 is divided by n.
4
Calculate the remainder when 357 is divided by 10 + -19 - -351 - (-1)/(3/(-15)).
20
Let a = -23057 + 24513. Calculate the remainder when a is divided by 476.
28
Suppose -2*l + 2 = -6. Suppose -1553*g + 796*g + 789*g = 480. What is the remainder when g is divided by l?
3
Suppose 8 = n + 2*c, -4*n + 192 - 125 = c. Calculate the remainder when 174 is divided by n.
12
Let b(o) = 2*o**2 + 17*o + 23. Let n(p) = 3*p - 2*p**2 + p**2 - 3*p. Let h(c) = b(c) + 3*n(c). What is the remainder when h(17) is divided by 13?
10
Let h(r) = 23*r + 770. What is the remainder when 441 is divided by h(-33)?
1
Let b(s) be the third derivative of s**5/60 + s**4/8 - 11*s**3/2 + 65*s**2 - 3*s. What is the remainder when b(-8) is divided by 3?
1
Suppose 690 + 556 = 36*m - 734. What is the remainder when 544 is divided by m?
49
Suppose -3*k + 2*k - 3*m + 215 = 0, -3*k + 5*m + 561 = 0. Calculate the remainder when k is divided by 40.
37
Suppose -4*s + 9*s + 210 = 0. Let a = s + 89. Calculate the remainder when a is divided by 113/7 + 1/(-7).
15
Let q(i) = 4*i**2 - 9*i - 24. Let r be q(6). What is the remainder when 86 is divided by (r/(-9))/((-1)/(-3) + -1)?
9
Suppose -5*i - 64 = -l + 24, 0 = -3*l - 4*i + 226. Let c = l + -1. Suppose 6*a - c = 1069. What is the remainder when a is divided by 32?
31
Suppose -2*o = 2*a - 552, -128*a + 123*a + 4*o = -1443. Calculate the remainder when a is divided by ((-76)/(-6))/((-8)/(-36)).
55
Suppose -39*s = -36*s - 1731. Let k = s - 556. What is the remainder when k is divided by (18/8)/((-2)/(-8))?
3
Suppose -p + 3*v = -4081, 2659*p - 2654*p + 5*v = 20565. What is the remainder when p is divided by 2047?
11
Let j = -2918 + 2963. What is the remainder when 868 is divided by j?
13
Suppose 5*s + 3760 = 5*n, -200 = -n - 3*s + 536. What is the remainder when n is divided by 7?
6
Let k(d) = 58*d**3 - 4*d**2 + 4*d + 8. Let x be k(2). Suppose 470*v = x*v + 78. What is the remainder when 41 is divided by v?
2
Let g(m) = -4*m - 192 + 7*m**2 - 194*m**3 + 195*m**3 + 188. Let i be 2/(-4) - (-11)/(-2). What is the remainder when g(i) is divided by 22?
12
Let n(j) = 8*j**2 + j + 2. Calculate the remainder when n(2) is divided by (2226/(-212))/(6/(-4) - -1).
15
Suppose 9*x = 7*x + 18. Suppose -x*h + h + 16 = 0. Suppose 5*y - 114 = -4*i + h, -2*y + 5*i = -53. Calculate the remainder when 165 is divided by y.
21
Let h = -41 + 41. Suppose 2*k - 2*r = 8, h*k - 8 = -2*k - 4*r. Suppose -c = -2*c + 3*w, k*c = -4*w + 48. Calculate the remainder when 16 is divided by c.
7
Suppose 0 = 166*j - 161*j + 935. Let c = j - -208. Calculate the remainder when c is divided by 12.
9
Suppose -2*u - 257 = -2*b + 75, 4*b - 669 = -u. What is the remainder when b is divided by 27?
5
Suppose 30063*c - 36576 = 30045*c. Calculate the remainder when c is divided by 136.
128
Suppose 3*i - 688 = -x, -25*x = 5*i - 24*x - 1142. What is the remainder when i is divided by 27?
11
Suppose -4*d + 6*d = -5*m + 27, 3*m - d - 25 = 0. Suppose 5*i - j - 481 = 0, -5*j = -3*i - m*j + 286. What is the remainder when i is divided by 33?
30
Let c(o) = -o**2 - 45*o + 311. Suppose 5*n + n = 114. Calculate the remainder when n is divided by c(6).
4
Let r(u) = -u**3 - u**2 + 16*u + 18. Let i be r(-7). Suppose -21*v = -25*v + 3*a + 202, -4*v + i = -2*a. Calculate the remainder when v is divided by 3.
1
Let y(h) = 205*h - 3642. Calculate the remainder when y(20) is divided by 0 - (8/4 + -79).
73
Let n(x) = 8395*x + 50467. Let b = 21 - 11. What is the remainder when n(-6) is divided by b?
7
Suppose 1131 = 4*f + h, -5*f - 3*h + 931 = -481. Let c = -321 - -274. What is the remainder when f is divided by ((-2)/3)/(c/1833)?
23
Let j = 16220 + -15353. Calculate the remainder when j is divided by 3.
0
Let n = 118 - 83. Suppose 3*b + 2*b - n = -4*c, 2*b - 21 = -3*c. Let k(h) = h + 7. What is the remainder when c is divided by k(-4)?
2
Let d(w) = 70*w - 116. Calculate the remainder when 66 is divided by d(2).
18
Let d = 3576 + -3488. Calculate the remainder when d is divided by 33.
22
Let h = 28 + -7. Let q be (-3 - -6 - 2)*h*2. Let o = 62 - q. Calculate the remainder when 39 is divided by o.
19
Let d(i) = 2*i + 6. Let t(q) = -8*q**2 - q + 33. Let z(m) = -m**2 + 46*m + 96. Let y be z(48). Calculate the remainder when t(y) is divided by d(6).
15
Suppose 15*r + 18*r = -17*r + 155900. What is the remainder when r is divided by 130?
128
Calculate the remainder when 3 + -2 - ((-12)/54 - (-421)/(-9)) is divided by 25.
23
Let i = 307 + -458. Let u = -115 - i. Suppose 4*o = 2*o + 212. Calculate the remainder when o is divided by u.
34
Suppose 3*u + 16*g - 29 = 20*g, -8*u + 117 = -5*g. Calculate the remainder when 17554 is divided by u.
17
Let t(b) = b**3 + 16*b**2 + 13*b - 118. What is the remainder when 825 is divided by t(-12)?
221
Suppose -3*i - p = -33729, 21*i - 4*p = 20*i + 11256. Calculate the remainder when i is divided by 13.
12
Let t be (1 + (-5)/3)/((-1)/(-3)). Let l be -2*((-18)/4 - t). Suppose 42 = l*s - 3. Calculate the remainder when 21 is divided by s.
3
Let b(p) = -p**2 + 43*p - 11. Let y be (3/2)/((-2)/(-56)*1). What is the remainder when 41 is divided by b(y)?
10
Suppose 0 = 4*v - 20, 3*s = 5*v - 5 - 14. Suppose -u - 2 = 3, s*u + 61 = 3*y. Calculate the remainder when y is divided by -1 + -3 + 0 - -11.
3
What is the remainder when 782 - (-2 + 10 - -10) is divided by 73?
34
Suppose -2*d + 1 + 1 = 0, 3*y = -3*d + 144. Suppose 5225 = -y*x + 58147. Calculate the remainder when x is divided by 49.
48
Let j = -11068 + 11305. Let h = -70 - -189. What is the remainder when j is divided by h?
118
Suppose -26192 - 84025 = -129*h - 19788. What is the remainder when h is